 -26) + 93.
120
What is -36 + 116 + 53 - 69?
64
What is the value of 6 + (-1 + (-25 - 69) - 8)?
-97
Calculate -71 + 186 + -101 - -22.
36
What is the value of 0 - (-141 - (-80 + -4))?
57
-70 - (18 + -45 + 12)
-55
What is 4 + 2 + (13 - (-44 - -22)) + -17?
24
Calculate 44 - (-10 + (-19 - -41) + -17) - (-6 - -2).
53
What is the value of (-90 - -355) + -269 - (-1 - 33)?
30
67 + -75 + 63 + -1 - (-35 + 15)
74
Calculate (70 - 16) + 3 + -19 + (12 - -7).
57
What is the value of (20 + -7 - (51 - -37 - 15)) + -2?
-62
Evaluate -67 - (-7 + (-15 - 2 - (-129 - -126))).
-46
Evaluate 80 + -91 + 26 - 102.
-87
What is -1 + -38 + -36 + 40 - -101?
66
Evaluate -16 - (-19 - 7) - 21 - (3 - (-81 - 1)).
-96
Calculate 13 - (-33 + -7 + 5) - (1 + 11).
36
Calculate -8 - -17 - -7 - (-15 - -111 - 2).
-78
What is the value of 23 + 29 - (83 - 29)?
-2
Evaluate -1 - 44 - (6 - (-24 + 12 + 35) - -23).
-51
What is (237 - 268) + -1 + -3?
-35
What is 81 + (4 - 47) + (42 - 1)?
79
What is -1 + -11 + (-26 - -49) + (-4 - 5)?
2
64 + -180 + 67 - 18
-67
55 - ((-16 - -89) + -98)
80
Evaluate 3 + (11 - (86 - -46)) - (-3 - -10).
-125
Evaluate -8 + -6 + 8 + 6.
0
Calculate (-8 + 5 - 41) + 260 + -270.
-54
What is the value of 37 + -6 + (23 - 7 - 6)?
41
Evaluate 0 + 4 - (10 + 82) - (-33 - -20).
-75
Evaluate (0 - (3 - (3 + -4 + 1))) + (-44 - -4).
-43
What is 8 + -20 + 6 + (0 + -2 - (-66 + 26))?
32
What is the value of (16 + -45 - -5) + (14 - -13)?
3
23 - 0 - (-35 - -17 - -17) - -9
33
Evaluate 4 + (-3 - (9 - (20 + (-7 - 2)))) - 31.
-28
Calculate (-10 - -37) + (-14 - 27) - (-16 + -1) - 32.
-29
(40 - -45) + 2 + -155
-68
35 - (46 + -11 - 9) - (-1 + 6)
4
Calculate 1 - 0 - (38 + (-14 - -41 - 26)).
-38
(60 - (-66 + (36 - -5))) + -12
73
Evaluate 3 + 38 - (18 - 4) - (3 + -1).
25
Evaluate 4 + 1205 + -1251 + (9 - 0).
-33
Evaluate 6 + (49 + -39 - 14 - 102).
-100
Evaluate (-15 + -1 + 22 - (-1 + 14)) + 74.
67
Calculate 122 + -163 + 30 + -9.
-20
Calculate (-12 + 8 - -2) + (16 + 5 - -43).
62
What is (76 - 61) + (-2 - 5) + (-7 - -2 - -9)?
12
Evaluate 13 + (2151 + -2107 - (-3 - -2 - 0)).
58
Calculate -8 + (41 + -36 - (4 - 6 - 4)) + 19.
22
What is 4218 + -4309 + -1 + (-21 - -3)?
-110
Evaluate 190 - ((-86 - -27) + 158).
91
Evaluate -2 + (329 - 332) + -1 + (3 - -1).
-2
Calculate -32 + (21 - 11 - 15) - (18 - 5).
-50
Evaluate 2 + (-14 - -26) + (2 - (-3 - -15)) - -29.
33
Evaluate -34 + (11 - (-53 + 68)).
-38
Calculate (0 - 2) + 27 + -13247 + 13227.
5
(-20 - (-9 + 5) - 3) + 13
-6
Calculate 68 - (-75 - (-41 + -55)).
47
-1 + 61 - (265 + -253)
48
63 - (-82 - (-88 - -27))
84
Calculate (-20 + 3 + 10 + 62 - 5) + -11.
39
Evaluate -43 + (-59 - -165) + -20.
43
Evaluate 31 + (-77 - -13) - -26.
-7
Evaluate (-50 + 51 + 18 - 10) + 60 + -1 + 1.
69
-18 - (0 - 56 - (81 - 82))
37
What is the value of -11 + -5 + 0 + (-16 - -48)?
16
What is (3 - -4) + (-7 - 2 - 0) + (-106 - -84)?
-24
What is the value of 59 + -3 + 12 + -364 + 397?
101
Calculate 37 + (-10 - -7) - ((-5 - (-9 - -9)) + 1).
38
What is the value of (-46 - -61 - (-3 + 2 - -8)) + -9 + -5?
-6
Evaluate 1813 + -1789 + (2 - 8 - -3).
21
What is (22 - -1) + 362 + -263?
122
(10 + (12 - 27) + 8 + -7 - -14) + 53
63
What is (64 - 1) + (30 - 10 - (13 + -2))?
72
(-62 - -193 - 61) + -8
62
What is the value of -19 + 46 + -15 - 54?
-42
Calculate -9 - -4 - 25 - (-807 + 750).
27
9 + (-6 + -7 - (8 + -11)) + -26
-27
Evaluate (23 - -4) + (-74 - 31) - -2.
-76
What is -69 + -75 + 124 + (-15 - -2) + 0?
-33
What is 37 + (-9 - (-1 - 2) - (26 + -9 - 28))?
42
What is (11 - 28 - -62) + (-4 - (-5 + 1))?
45
Calculate -146 + 144 + 1 + 3 + (-113 - -107).
-4
What is the value of 9 + -12 + (3 - -10) - (-20 + 101)?
-71
-3401 - -3349 - ((-24 - -2) + -2)
-28
(-42 - (4 + 36)) + 53
-29
What is -17 + (13 - (-1 - (-8 - -12))) + -9?
-8
Calculate (-49 - (-2 - -3)) + (-1 + -15 - (603 - 626)).
-43
What is the value of 41 - 0 - (1 - 2) - (39 + -2 + -45)?
50
-1 + -25 - (16 + -19 + 0 + 4)
-27
What is -17 + 61 + 7 + -19?
32
Evaluate (-1 - -11 - (-42 - -49 - 4)) + -74.
-67
What is (9 - -5) + -6 + 14 - 20?
2
What is the value of 11 + 18 + -15 + 68 + (8 - (-5 - -10))?
85
What is the value of -2 + (13 - (-14 + 13 + 1))?
11
-1 + 9 + -70 + 91 - (-19 - -28) - -12
32
-6 + (-2 + (8 - 32) - -8) + -8
-32
Calculate -101 + (22 - 45 - -44) - 40.
-120
Calculate -2 + -28 + -1014 + 1010.
-34
Evaluate 17 + -2 + 1 + (-12 - 2 - -2).
4
Evaluate -556 + 611 + -6 + 1 - (2 - -5 - 1).
44
What is 32 + (55 - 89) - (24 + 2)?
-28
Calculate (114 - 7) + 9 - (7 - (5 - 9)).
105
Evaluate 29 + 0 + 29 + -4 + -11.
43
(43 - (9 - 72)) + -194
-88
What is (-21 + 18 - (0 + 1)) + -10 + 0 + -63?
-77
What is -13 + 23 + (10 - 28) + 3?
-5
(-16 - (-5 - (-10 - -11))) + (71 - (-10 + -1))
72
What is the value of -9 - (6 + -6 + (-4 - 1) + -71 - -8)?
59
What is 233 + -255 - (-37 + -75)?
90
What is the value of -5235 - -5247 - ((1 + -1 - 0) + (107 - 12))?
-83
What is 12 - ((36 - 9) + -58) - -17?
60
Evaluate 17 + -112 + (-12 - (-17 + -16)).
-74
What is the value of -241 - (138 + -125 - 129)?
-125
What is (4 - (0 + -3 + 20 - (-124 + 138))) + -32?
-31
Calculate (224 - 240) + (31 - -3) - 81.
-63
What is the value of 30 + (21 - (2 + 36))?
13
Calculate 62 + -58 - (-23 - (-19 + 12) - 36).
56
-7 + -15 + 6 - (-7 - 2) - 45 - 1
-53
Evaluate (-11 + (20 - 2) - -2) + (-13 - 36).
-40
Evaluate 8 + 7 + 21 - 13.
23
20 + (172 - 246) - (3 - 0)
-57
What is -21 - (-65 + 58 + -11)?
-3
-18 + (0 - 1) - (9218 - 9237) - -43
43
What is the value of -27 + 12 + (-1 - -14) + (-2 + 59 - 10)?
45
What is the value of -36 + (-7 - -23) - -42 - 6?
16
What is the value of 0 + -50 + 1 - 7 - (-7 + 48 + -53)?
-44
What is the value of 31 - (-24 - -79) - -55?
31
What is the value of 11 + -23 + -9 + -13 + 94?
60
3 + 17 - 43 - 15
-38
8 - 24 - -5 - (11 + (-8 - -9))
-23
What is the value of 78 + 80 + -70 - 43?
45
Evaluate (-146 - -25) + -12 - (2 - 14) - -22.
-99
What is 26 + -29 + -51 + 63?
9
What is 7 + ((-71 - -21) + 44 - (2 - -11))?
-12
Calculate -8152 + 8160 + 1 + -82.
-73
Evaluate -181 - -150 - (9 - 15).
-25
Evaluate (6 - 4) + 59 + (-9 - -10) + -9.
53
What is (4 - 13) + (-1 + -28 - (1239 + -1309))?
32
50 + -11 + (42 - -18 - 11)
88
Calculate 14 - (21 + -28 + 38) - 4.
-21
What is the value of (58 - (-17 - -70)) + -16?
-11
What is the value of (25 - (4 - -2)) + (101 - 165)?
-45
Calculate -1 + 8 + -1242 + 1263.
28
Calculate -5 - -9 - (-50 - (-18 - (9 + -9))).
36
(40 - (28 + -19 + 11)) + (-8 - 2)
10
Evaluate (-2 - -38) + -37 - (4 - -13).
-18
What is the value of -88 + -27 + 155 + -98?
-58
What is 11 + -5 + -9 + (59 - 0) + -9?
47
What is the value of -2 + -29 + (-19 - (-30 + 12))?
-32
Evaluate -24 + (-51 - (41 - 129)).
13
What is the value of 0 + 5 - (-36 - (26 - 60))?
7
What is the value of 37 + -8 - 2 - -11 - ((27 - 2) + -12)?
25
What is 60 - (56 + -29 + -2)?
35
Calculate (2 + 12 - (29 + 44 + -44)) + 9 - 38.
-44
(-86 - (-30 + -12)) + 15
-29
Evaluate (469 - 412) + 2 + -20 + (1 - 0).
40
Calculate 26 + 1 + (91 - 151) + 18.
-15
Evaluate -65 + -8 - 7 - -3 - (-8 - -5 - -1).
-75
Evaluate 4 + -29 + 27 + -7 + -7 + -33.
-45
What is -21 + 5 + 7 + 8 + (32 - (-3 - -4))?
30
Calculate 42 + -26 + -82 + -48 - (0 + -7).
-107
What is the value of -109 + 96 + (6 - (5 + (1 - 11))) - -5?
3
What is -10 + -4 + 7 - (73 + (31 - 76))?
-35
Calculate -14 - (-128 - (-101 - -12)).
25
Calculate -35 + -8 + (358 - 331).
-16
Calculate 0 + 59 - (-56 - -54) - (6 + -8).
63
What is -22 + 1 + 85 + (53 - (4 - -51))?
62
16 - (13 + (-63 - 28))
94
Evaluate 15 + (11 - (35 - 27)).
18
Calculate (1 + -136 - 1) + (14 + 53 - 56).
-125
938 + -946 + 78 + (1 - (2 + -4))
73
Evaluate -1 - 7 - (-274 - -267) - 31.
-32
What is the value of 2 - 43 - (274 + -365)?
50
Evaluate 18 - (-4 + -1 + -4 + (-5 - -6)).
26
What is the value of (-2 - (15 + (-21 - (5 - 17)))) + 77 + 4?
73
Evaluate 6 + 12 - ((-16 - -42) + 16).
-24
2 + -4 + (18 - (-18 - -33))
1
(4 - 1) + (0 - -3) - (-61 + 70)
-3
(58 - (14 + (-8 - -6))) + (-5 - -1)
42
24 + -29 + 6 + -15
-14
Evaluate 28 - (18 - (-28 - 17)).
-35
What is the value of (-30 - (-37 - (-13 - 1))) + 10?
3
11 + (-39 - -9) + -28 + -1 + 7
-41
Evaluate -193 + 52 - (3 + (17 - 23) + (1 - -5)).
-144
Evaluate (-18 - 76) + -7 + 128.
27
Evaluate -10 - (34 - (49 - 45)).
-40
Calculate 18 + -4 - ((6 - 12) + (11 - 7)).
16
Evaluate 1 + 11 + 2 + (-1327 - -1300).
-13
-61 + 21 